vided by u(k)?
31
Let f(y) = y**3 - 3*y**2 - 6*y + 9. Let k be f(4). Calculate the remainder when 177 is divided by 27 - 3*k/(1 + -2).
27
Suppose -4*d + 3*f - 7*f = -24, 2*d - f + 6 = 0. Let p = -119 + 194. Suppose -i + 21 + p = d. What is the remainder when i is divided by 20?
16
Suppose 10*p - 327 = -17. Calculate the remainder when (12/9 - 1)*(-2 - -305) is divided by p.
8
Suppose 2*f - 281 - 68 = -5*v, 0 = 2*v + 2*f - 136. Let d be (-1156)/((-16)/4) - (-2 + 7). Let j = d + -260. Calculate the remainder when v is divided by j.
23
Let b(g) = g - 1. Let m(z) = 6*z + 3. Let x(p) = -4*b(p) + m(p). Let f be 0 - -6 - (12/(-2) - -9). What is the remainder when x(f) is divided by 4?
1
Suppose -3*x - 2*m = -410, -2*x - 5*m + 4*m + 273 = 0. What is the remainder when x is divided by 62?
12
Suppose f + d = 25, 4*f + 0*d + d - 100 = 0. Let h = f - -103. Calculate the remainder when h is divided by 22.
18
Let z(s) = s**3 - 29*s**2 - 24*s + 165. Calculate the remainder when z(32) is divided by 225.
219
Suppose -17*f = 47 + 55. Let r(j) = -45*j - 20. What is the remainder when r(f) is divided by 63?
61
Let u(j) = -115*j - 20. Let d be u(-1). Calculate the remainder when (1 + 2)/((-270)/d + 3) is divided by 14.
5
Let p = 2372 + -2358. Calculate the remainder when 157 is divided by p.
3
Let g(i) = 15*i**2 - 26*i**2 + 22*i + 0*i**2 + 13*i**2. Let a(f) = 4*f - 3. Calculate the remainder when g(5) is divided by a(9).
28
Let v(c) = -c**3 - 10*c**2 - 10*c + 16. Let q be v(-9). Suppose 0 = 5*h - q - 50. Suppose -7*j - 1176 = -h*j. Calculate the remainder when j is divided by 37.
36
Let h(p) = 39*p**2 - p - 11. Let s(b) = 2*b**2 - 11*b - 8. Let x be s(6). Calculate the remainder when h(x) is divided by 10.
7
Suppose 0 = 17*i - 9*i. Suppose i = 2*h - 5*h - r + 860, -280 = -h + r. Calculate the remainder when h is divided by 17.
13
What is the remainder when -12*(-6 - 3830/60) is divided by 1204/10 - 8/20?
118
Suppose 72*h + 76*h - 77018 = 139062. Calculate the remainder when h is divided by 19.
16
Let b be 749424/1092 + (-2)/14*2. Let f = b - 667. What is the remainder when -1 + (-1 - -1) + 91 is divided by f?
14
Let k(q) = -3840*q + 49953. Let o(r) = 69*r**2 + r. Calculate the remainder when o(1) is divided by k(13).
4
Calculate the remainder when (0 - 11/4)*-44 is divided by (-924)/(-2464) + (-650)/(-16).
39
Calculate the remainder when 129 is divided by 0 + 2 - 24/10 - (-30012)/305.
31
Suppose 4*n + 7*w = 9*w + 1422, -4*w - 1432 = -4*n. Calculate the remainder when n is divided by 111.
20
Let p(n) = -n**3 + 2*n**2 + 5*n - 3. Let d be p(3). What is the remainder when (-4)/(8/d)*-108 is divided by -33*(90/(-108) - (-2)/(-12))?
30
Let j be 6/(-60)*44*(-5)/2. Suppose -j*t + 14*t = 231. What is the remainder when t is divided by 57?
20
Calculate the remainder when (2/18)/(581/2264157) is divided by 72.
1
Suppose 528*m + 2009 = 577*m. Calculate the remainder when 1055 is divided by m.
30
Suppose -n + 116 = -4*d + 639, -4*n + 416 = 3*d. Suppose 11*y - 304 = -5*y. Calculate the remainder when d is divided by y.
18
Let x(g) = -8*g**2 + 30*g - 8. What is the remainder when 1307 is divided by x(2)?
7
Suppose 119*s - 1320 = 117*s. What is the remainder when s is divided by 50?
10
Suppose -13002 - 4443 = -38*y + 4709. Calculate the remainder when y is divided by 9.
7
Let o be (-44)/(-2) + (22 - 25). Let u = o - -107. Let x = u - -41. Calculate the remainder when x is divided by 12.
11
Suppose 90 = 5*s - 2*s. Suppose 59*f = -96*f + 9920. What is the remainder when f is divided by s?
4
Let o = -124 + 38. Let z = o - 98. Let t = 403 + z. What is the remainder when t is divided by 37?
34
Let f(c) = 1618*c**2 - 506*c + 1526. What is the remainder when f(3) is divided by 247?
244
Let t = -115719 + 115721. Let f = -71 - -154. What is the remainder when f is divided by t?
1
Suppose -3*z - 5*n = -53, -z + 125 = -3*n + 84. What is the remainder when -15*(-160)/72*(-3)/(-2) is divided by z?
24
Suppose 6*m - 537 = 3*m. What is the remainder when m is divided by (-1 + 20/5)*(-1034)/(-66)?
38
Let j = -9965 + 10220. What is the remainder when j is divided by 29?
23
Suppose 97*q - 2507 - 2824 - 2623 = 0. What is the remainder when 288 is divided by q?
42
Let a = -3189 + 3329. Calculate the remainder when a is divided by 24.
20
Let c be (-9)/(-18)*(-2 + 2). Suppose -9 = -c*m - 3*m. Calculate the remainder when 3 is divided by m.
0
Let m(d) = 14*d**2 + 7*d - 8. Let g be ((-88)/(-132))/(0 + (-2)/(-3)). What is the remainder when 23 is divided by m(g)?
10
Suppose 7*j + 3*s = 3*j + 529, -5*j + 669 = -4*s. Suppose 85*o - 62*o = 55*o - 1088. Calculate the remainder when j is divided by o.
31
Let o = 74 - 42. Let h = o - -50. What is the remainder when h is divided by 22?
16
Let n = 2032 + -1866. Calculate the remainder when 183 is divided by n.
17
Let x = 9848 - 9757. Calculate the remainder when x is divided by (-2)/(-5) - 108/(-5).
3
Calculate the remainder when ((-28)/2)/(4*4/(-64)) is divided by -2 + -2 + 9 + -1.
0
Let i = 31 - 55. Let w = -25 - -21. Let l = w - i. Calculate the remainder when l is divided by 13.
7
Let b(k) = 12*k - 12. Suppose 5*s - 12 = z - 0*s, -5*s + 27 = 4*z. What is the remainder when 71 is divided by b(z)?
23
Suppose -3*f - 5*r + 9 = 0, 0 = 2*r - 6*r. Let n(m) = 3*m**2 - m - 2. Suppose 3*s - 202 = -10. Calculate the remainder when s is divided by n(f).
20
Let z(i) = -190*i + 33. Let d = 1 + 24. What is the remainder when z(-1) is divided by d?
23
Suppose -192*x - 4457 - 11119 = -216*x. What is the remainder when x is divided by 627?
22
What is the remainder when 119 is divided by (-180)/80*8/3 - -40?
17
What is the remainder when 510 is divided by (12 - 15/(-15)) + 148?
27
Let m be 0 - 23 - 280/(-70). Calculate the remainder when 65 is divided by (-1467)/(-63) - (3 - m/(-7)).
19
Let v(r) = 3789*r - 22712. Suppose 0 = -4*h - 16, 2*q + 4*h = 5*h - 16. Let d = q - -18. What is the remainder when v(6) is divided by d?
6
Suppose -391*h + 14377 = 4211. What is the remainder when 981 is divided by h?
19
Suppose 5*i - 290 - 270 = -2*i. Calculate the remainder when 109 is divided by i.
29
Suppose -3*t + 18*c - 19*c = -120, 3*t = 5*c + 138. Suppose 0 = 3*s - 5*w - 35, w = -0*s + 5*s - 95. What is the remainder when t is divided by s?
1
Let h be ((-10)/(-8))/(4/16). Suppose 4*n - 3*n + 4*y + 3 = 0, h*n + 15 = -y. Calculate the remainder when (n + 94/10)*5 is divided by 18.
14
Let j = -156 - -163. Calculate the remainder when 1614/(j*18/84) is divided by 83.
80
Suppose -9 = z - 4*z, 0 = 2*g - 3*z + 19. Let n be (1290/75)/((-2)/g). Suppose -6*u - n + 127 = 0. Calculate the remainder when 80 is divided by u.
10
Suppose -12952*q = -12990*q + 3572. Calculate the remainder when 1196 is divided by q.
68
Let g(m) = 4*m**2 - 24*m + 152. Calculate the remainder when 458 is divided by g(7).
98
Suppose y + 3*j - 76 = 0, 58*j - 394 = -5*y + 57*j. Let f = -18 - -39. Calculate the remainder when y is divided by f.
16
Let n = 23095 + -23067. What is the remainder when 65 is divided by n?
9
Let f be ((-1)/(-2))/((-1)/(-8)). Suppose -28*v - 656 = -36*v. What is the remainder when -11 + v + f/2 + -2 is divided by 12?
11
Let q(c) = -2*c**2 + 256*c + 83. Calculate the remainder when q(125) is divided by 38.
35
Let w = 45225 - 45187. Let r(j) = 5*j**2 - 7*j + 2. Calculate the remainder when r(5) is divided by w.
16
Let t be (920/(-30))/(6/(-9)) + 4. Suppose k - 3 - t = 0. What is the remainder when 150 is divided by k?
44
Suppose -4*t + 4 = 0, -63*d - 621 = -68*d - t. Calculate the remainder when d is divided by 64.
60
Let x(j) = -6186*j**3 - j**2 + 6*j + 7. What is the remainder when x(-1) is divided by 17?
15
Suppose -4*a - 12 = 4*p, 5*p + 10 + 10 = 0. Let v(x) = -x**2 + 39. Calculate the remainder when ((-2)/a)/(-2)*23 is divided by v(6).
2
Let w(z) = z**2 + 28*z - 21. Let h be 10/(-25) + (1 - 489/15). Calculate the remainder when w(h) is divided by 12.
11
Let p(g) = 7*g**2 - 6*g - 5. Let s be p(-9). Suppose 0 = 18*v - 10*v - s. Calculate the remainder when v is divided by 27.
23
Suppose 2365 = 35*p - 575. Suppose 0 = -4*d + 8, -4*o = -9*o - 3*d + 91. Calculate the remainder when p is divided by o.
16
Let q = 6514 - 6468. What is the remainder when 254 is divided by q?
24
Let c = -1636 + 1666. 